2 and 133570?
38
What is the highest common factor of 252 and 623946?
6
Calculate the highest common factor of 2784478 and 710.
142
Calculate the highest common divisor of 130 and 23142275.
65
What is the greatest common divisor of 1529329 and 57?
19
Calculate the highest common factor of 3509 and 5405026.
11
Calculate the greatest common factor of 142 and 9986.
2
What is the highest common factor of 338511732 and 2028?
2028
Calculate the greatest common divisor of 420 and 2623020.
60
What is the highest common divisor of 2507 and 144003?
23
Calculate the highest common divisor of 188132220 and 7020.
540
What is the greatest common divisor of 10126911 and 2388?
597
What is the greatest common factor of 110 and 28514485?
5
What is the highest common factor of 85890 and 21955938?
2454
Calculate the highest common factor of 748630 and 67510.
430
Calculate the highest common factor of 2160 and 117714060.
540
Calculate the highest common divisor of 19089 and 56901582.
2727
What is the greatest common divisor of 19619622 and 132?
66
Calculate the highest common divisor of 292514851 and 1334.
667
Calculate the greatest common divisor of 566490 and 6210.
690
Calculate the greatest common divisor of 16063848 and 2727.
909
What is the greatest common factor of 2530 and 10895675?
115
What is the highest common divisor of 11750 and 60500?
250
Calculate the highest common divisor of 144 and 2977164.
36
Calculate the greatest common divisor of 972107 and 167.
167
Calculate the highest common divisor of 1995 and 1887585.
105
What is the highest common factor of 11296075 and 85?
85
Calculate the greatest common factor of 4989 and 68214597.
4989
What is the greatest common divisor of 40 and 944063790?
10
What is the highest common factor of 756 and 256022046?
378
Calculate the greatest common factor of 14276650 and 4850.
50
What is the highest common factor of 12136 and 23341792?
328
Calculate the highest common divisor of 18444 and 37964.
4
Calculate the greatest common divisor of 16 and 690196048.
16
Calculate the highest common factor of 172230 and 945.
15
Calculate the greatest common divisor of 276 and 17855826.
6
Calculate the highest common factor of 794943 and 2988.
9
What is the highest common divisor of 12 and 40538364?
12
Calculate the greatest common factor of 40898 and 48841.
169
Calculate the highest common factor of 30 and 36674739.
3
Calculate the greatest common factor of 12886014 and 1167.
1167
Calculate the greatest common factor of 48069 and 1101772.
763
Calculate the greatest common factor of 634233 and 1282647.
489
What is the highest common divisor of 23790 and 2475746?
1586
What is the highest common factor of 8184 and 2346576?
744
What is the greatest common factor of 4114 and 27207939?
2057
Calculate the highest common divisor of 1536 and 10794264.
24
Calculate the greatest common factor of 444 and 121258028.
148
What is the highest common divisor of 154 and 9044090?
22
What is the highest common divisor of 13634 and 31214642?
802
What is the highest common divisor of 144286 and 1748?
38
What is the highest common factor of 6961410 and 1770?
1770
Calculate the highest common divisor of 29307408 and 240.
48
Calculate the highest common factor of 575849477 and 1022.
511
What is the highest common factor of 531112 and 2305080?
2696
Calculate the greatest common factor of 252783 and 89550.
9
Calculate the greatest common factor of 921654249 and 87.
87
What is the highest common factor of 9240023 and 11115?
247
Calculate the greatest common factor of 4167126 and 30537.
2349
What is the greatest common divisor of 17776690 and 321250?
2570
Calculate the highest common divisor of 2139 and 9071499.
2139
Calculate the highest common factor of 18107 and 4959.
19
Calculate the greatest common divisor of 27169 and 3405271.
269
What is the greatest common divisor of 540 and 14029632?
108
Calculate the highest common divisor of 200 and 2862900.
100
Calculate the highest common factor of 13392 and 1122944.
496
What is the greatest common divisor of 210 and 1266230?
70
Calculate the greatest common divisor of 215856 and 6768.
144
Calculate the greatest common factor of 1823781728 and 12084.
4028
Calculate the greatest common factor of 26161590 and 65.
65
Calculate the greatest common factor of 368574742 and 878.
878
What is the highest common divisor of 6157 and 2410531?
131
Calculate the greatest common factor of 16396479 and 297.
297
Calculate the greatest common divisor of 52009001 and 22.
11
Calculate the greatest common divisor of 744 and 25346530.
62
Calculate the greatest common divisor of 4257 and 1526844.
1419
What is the greatest common divisor of 903 and 52990?
7
What is the greatest common divisor of 55059186 and 102?
6
Calculate the greatest common factor of 5741345 and 1515.
505
Calculate the greatest common factor of 33636 and 14052.
12
Calculate the greatest common divisor of 951093 and 19305.
1287
What is the highest common divisor of 130 and 1243216?
26
What is the greatest common factor of 2379516 and 376?
188
Calculate the highest common factor of 28094814 and 1692.
846
What is the highest common factor of 555 and 100785?
15
What is the highest common factor of 17112160 and 15200?
3040
What is the greatest common factor of 8893164 and 756?
84
Calculate the highest common factor of 191939530 and 215.
215
What is the highest common divisor of 630170 and 20935?
265
Calculate the highest common divisor of 108 and 1122060.
12
Calculate the highest common divisor of 18209224 and 88.
88
What is the greatest common divisor of 23849126 and 37310?
574
Calculate the highest common factor of 1099075 and 150.
25
Calculate the highest common divisor of 11334333 and 87.
3
What is the greatest common factor of 1796 and 5217829?
449
Calculate the highest common factor of 87 and 237211503.
87
What is the highest common factor of 2275 and 281699600?
2275
What is the greatest common factor of 40275 and 26829?
9
What is the highest common factor of 2508 and 1038597?
57
What is the greatest common factor of 564 and 917242600?
188
Calculate the greatest common factor of 34639544 and 1048.
1048
What is the highest common factor of 4211028 and 2788?
164
What is the greatest common factor of 204227 and 151598?
331
What is the greatest common factor of 1846329 and 41664?
93
Calculate the highest common divisor of 498 and 460401.
249
What is the greatest common divisor of 12741234 and 3905?
781
Calculate the highest common factor of 186 and 21277284.
186
What is the greatest common factor of 537382 and 1621203?
3019
Calculate the highest common factor of 311148 and 680720.
268
What is the highest common factor of 77963656 and 1688?
1688
What is the greatest common divisor of 3988665 and 20?
5
Calculate the highest common divisor of 2100 and 7052360.
140
What is the highest common divisor of 43720 and 25824?
8
Calculate the greatest common divisor of 787296 and 562672.
2224
What is the highest common factor of 500339208 and 12?
12
What is the highest common factor of 2554832 and 24976?
112
What is the greatest common divisor of 102130 and 1924421?
1459
Calculate the greatest common divisor of 8 and 238835512.
8
Calculate the highest common factor of 5 and 7660585.
5
Calculate the greatest common divisor of 4935384 and 288.
72
Calculate the highest common divisor of 26 and 376093666.
26
Calculate the greatest common divisor of 354 and 129100614.
354
Calculate the greatest common divisor of 110754708 and 942.
942
What is the highest common factor of 9309713 and 9541?
329
What is the highest common factor of 1188 and 30002060?
44
What is the greatest common divisor of 12347622 and 64554?
2226
Calculate the greatest common divisor of 8414 and 68450294.
1202
What is the greatest common divisor of 255 and 6000255?
15
What is the greatest common factor of 110424 and 1869726?
258
Calculate the highest common divisor of 2800 and 733712.
112
What is the highest common divisor of 11533009 and 97?
97
What is the highest common divisor of 973 and 356011387?
139
What is the greatest common factor of 16555 and 70299152?
3311
Calculate the highest common factor of 223231 and 168093.
19
Calculate the highest common factor of 169963 and 186017.
349
Calculate the highest co